s digit of 805165?
5
What is the tens digit of 40940435?
3
What is the ten thousands digit of 2238592?
3
What is the thousands digit of 173847?
3
What is the units digit of 55438?
8
What is the tens digit of 240934?
3
What is the thousands digit of 29809?
9
What is the millions digit of 1320893?
1
What is the thousands digit of 9074964?
4
What is the tens digit of 181188?
8
What is the units digit of 568314?
4
What is the thousands digit of 2087650?
7
What is the thousands digit of 151200?
1
What is the units digit of 163536?
6
What is the units digit of 555176?
6
What is the hundred thousands digit of 1328751?
3
What is the ten thousands digit of 5371925?
7
What is the ten thousands digit of 171707?
7
What is the tens digit of 18367585?
8
What is the millions digit of 1255047?
1
What is the millions digit of 1252166?
1
What is the thousands digit of 211078?
1
What is the ten thousands digit of 7881270?
8
What is the tens digit of 1744372?
7
What is the units digit of 84?
4
What is the hundred thousands digit of 2202220?
2
What is the units digit of 8166161?
1
What is the ten thousands digit of 6461180?
6
What is the tens digit of 707657?
5
What is the hundreds digit of 2467330?
3
What is the thousands digit of 3105466?
5
What is the thousands digit of 327664?
7
What is the ten thousands digit of 23739758?
3
What is the hundred thousands digit of 293840?
2
What is the units digit of 1267581?
1
What is the ten thousands digit of 13365568?
6
What is the tens digit of 282107?
0
What is the ten thousands digit of 2468174?
6
What is the ten thousands digit of 110115?
1
What is the ten thousands digit of 96518?
9
What is the ten thousands digit of 216606?
1
What is the millions digit of 1654585?
1
What is the thousands digit of 35479684?
9
What is the hundred thousands digit of 3230879?
2
What is the thousands digit of 98216?
8
What is the units digit of 2146723?
3
What is the tens digit of 14131709?
0
What is the ten thousands digit of 624069?
2
What is the hundreds digit of 1190729?
7
What is the units digit of 30482325?
5
What is the hundred thousands digit of 312719?
3
What is the tens digit of 267702?
0
What is the tens digit of 3928768?
6
What is the ten thousands digit of 1385394?
8
What is the millions digit of 1822530?
1
What is the hundreds digit of 81441?
4
What is the hundreds digit of 11493098?
0
What is the tens digit of 2356225?
2
What is the ten thousands digit of 474520?
7
What is the ten thousands digit of 3104217?
0
What is the thousands digit of 18008433?
8
What is the thousands digit of 602891?
2
What is the hundred thousands digit of 422452?
4
What is the hundred thousands digit of 1414280?
4
What is the tens digit of 6813527?
2
What is the hundred thousands digit of 166387?
1
What is the tens digit of 827764?
6
What is the tens digit of 287090?
9
What is the hundred thousands digit of 372069?
3
What is the units digit of 6939024?
4
What is the ten thousands digit of 141072?
4
What is the hundreds digit of 221616?
6
What is the hundreds digit of 66965?
9
What is the hundreds digit of 254837?
8
What is the ten thousands digit of 275188?
7
What is the hundreds digit of 1232887?
8
What is the hundreds digit of 1477713?
7
What is the hundred thousands digit of 1476458?
4
What is the thousands digit of 1504527?
4
What is the hundred thousands digit of 1414120?
4
What is the tens digit of 430589?
8
What is the thousands digit of 186694?
6
What is the thousands digit of 8448259?
8
What is the hundred thousands digit of 1795493?
7
What is the hundreds digit of 31760?
7
What is the hundreds digit of 12409434?
4
What is the hundred thousands digit of 154712?
1
What is the hundreds digit of 293799?
7
What is the hundreds digit of 10348435?
4
What is the thousands digit of 313181?
3
What is the ten thousands digit of 418510?
1
What is the tens digit of 681935?
3
What is the tens digit of 11676651?
5
What is the tens digit of 5286216?
1
What is the hundreds digit of 1846101?
1
What is the thousands digit of 3032?
3
What is the units digit of 4144275?
5
What is the tens digit of 8897404?
0
What is the ten thousands digit of 7338024?
3
What is the ten thousands digit of 239037?
3
What is the tens digit of 5152457?
5
What is the units digit of 31055399?
9
What is the hundred thousands digit of 951142?
9
What is the ten thousands digit of 175056?
7
What is the units digit of 101486?
6
What is the millions digit of 1759423?
1
What is the hundred thousands digit of 515147?
5
What is the ten thousands digit of 379383?
7
What is the ten millions digit of 16149984?
1
What is the thousands digit of 49476?
9
What is the ten millions digit of 19848395?
1
What is the hundred thousands digit of 1244838?
2
What is the hundreds digit of 3192299?
2
What is the hundreds digit of 22472353?
3
What is the ten thousands digit of 298849?
9
What is the ten thousands digit of 10899728?
9
What is the units digit of 393805?
5
What is the units digit of 138420?
0
What is the thousands digit of 33953314?
3
What is the thousands digit of 23524196?
4
What is the tens digit of 405117?
1
What is the hundred thousands digit of 284730?
2
What is the hundred thousands digit of 215405?
2
What is the units digit of 334659?
9
What is the millions digit of 4255667?
4
What is the ten thousands digit of 442533?
4
What is the tens digit of 418012?
1
What is the units digit of 5065507?
7
What is the ten thousands digit of 13123017?
2
What is the tens digit of 848834?
3
What is the hundreds digit of 156191?
1
What is the tens digit of 188621?
2
What is the ten thousands digit of 326168?
2
What is the units digit of 4535987?
7
What is the millions digit of 10964108?
0
What is the units digit of 70842?
2
What is the millions digit of 18759993?
8
What is the millions digit of 10506875?
0
What is the thousands digit of 1497852?
7
What is the hundred thousands digit of 537455?
5
What is the thousands digit of 189579?
9
What is the ten thousands digit of 23613345?
1
What is the hundred thousands digit of 3190332?
1
What is the units digit of 1705606?
6
What is the hundred thousands digit of 505810?
5
What is the ten thousands digit of 828248?
2
What is the hundred thousands digit of 1519152?
5
What is the units digit of 20824920?
0
What is the ten thousands digit of 4787939?
8
What is the hundred thousands digit of 2184732?
1
What is the hundreds digit of 1439970?
9
What is the millions digit of 1213524?
1
What is the thousands digit of 2428021?
8
What is the units digit of 10508196?
6
What is the tens digit of 990784?
8
What is the units digit of 201894?
4
What is the units digit of 75469?
9
What is the tens digit of 2652897?
9
What is the hundred thousands digit of 270791?
2
What is the thousands digit of 497358?
7
What is the units digit of 3604443?
3
What is the hundreds digit of 1327526?
5
What is the tens digit of 2123489?
8
What is the ten millions digit of 11176370?
1
What is the hundred thousands digit of 251565?
2
What is the hundreds digit of 10144?
1
What is the hundreds digit of 66152?
1
What is the units digit of 9923606?
6
What is the ten millions digit of 10114103?
1
What is the hundreds digit of 18265093?
0
What is the hundreds digit of 561922?
9
What is the hundreds digit of 323580?
5
What is the ten millions digit of 15090337?
1
What is the hundred thousands digit of 177559?
1
What is the thousands digit of 109595?
9
What is the tens digit of 306671?
7
What is the thousands digit of 18068?
8
What is the tens digit of 458372?
7
What is the ten thousands digit of 4263041?
6
What is the tens digit of 25477000?
0
What is the ten thousands digit of 6584652?
8
What is the tens digit of 126881?
8
What is the units digit of 334250?
0
What is the ten thousands digit of 802109?
0
What is the units digit of 513125?
5
What is the thousands digit of 68063?
8
What is the hundred thousands digit of 346569?
3
What is the units digit of 201704?
4
What is the units digit of 1035919?
9
What is the ten thousands digit of 436184?
3
What is the ten thousands digit of 1142782?
4
What is the units digit of 70115?
5
What is the ten thousands digit of 158606?
5
What is the tens digit of 505992?
9
What is the millions digit of 3333794?
3
What is the thousands digit of 1028141?
8
What is the hu